+ 4*c - 15 = -1. Let f be n(a). Let d(g) = -2*g**2 + 4*g - 3. What is d(f)?
-3
Let v(s) = -3*s - 1. Suppose -5*d + 1 = -4*d. Suppose -4 = j - d. Calculate v(j).
8
Let g(v) = v + 9. Let d be -6*(2 + -1 - 0). What is g(d)?
3
Let h(n) be the third derivative of -n**5/60 + n**4/12 + n**3/6 - 2*n**2. Let b(x) = 3*x - 3*x - 1 - x**3 + 2*x**2. Let a be b(-1). What is h(a)?
1
Suppose -2*u + 13 = 3*r, -5*u - 1 + 25 = -r. Let y(i) = 4*i - u*i - 5*i**2 - i**2 + 5*i**2. Calculate y(-2).
-2
Let r(h) = -4*h**3 + h**2 - h + 6. Let f(p) = p**3 - 1. Let o(a) = 5*f(a) + r(a). What is o(2)?
11
Suppose 20 = 2*t - 5*q, 5*t + 2 + 10 = -3*q. Suppose -c - 1 = -4*z, 3*z = -t*c + 4*c - 9. Let p(m) = c*m + 2*m - 3*m - m. What is p(-5)?
-5
Let a(d) = 3*d - 6. Suppose -20 = -4*l - l. What is a(l)?
6
Suppose s + 0*s - 5 = 0. Let n = 7 - s. Let u(r) = 2*r - 1. What is u(n)?
3
Let d(i) = -20*i - 29. Let y(r) be the first derivative of 7*r**2/2 + 10*r + 1. Let n(m) = -6*d(m) - 17*y(m). Determine n(4).
8
Suppose 4*m + 5*h - 35 - 21 = 0, 3*m - 43 = -4*h. Suppose -m*x - 7 = -10*x. Let w(p) = -p + 12. Give w(x).
5
Let j(m) be the second derivative of -m**6/720 - m**4/12 + m. Let s(q) be the third derivative of j(q). Let n be (6 + -12)/((-6)/(-4)). Give s(n).
4
Let x(u) be the second derivative of -u**5/20 - u**4/3 + u**3/3 + 3*u**2/2 + u. Let c be 2/5 + 88/(-20). What is x(c)?
-5
Let l(j) = 3*j - 1. Suppose -5 = -5*y + 5. Let a be (-3 - -1) + 2/y. Calculate l(a).
-4
Let a = 7 + -4. Suppose 0*c + 2*c = -3*g, -g - a*c = 7. Let u(l) = -5*l**2 + 6*l**g - 2*l - 2 + l**2. Calculate u(2).
2
Let h(b) = -2*b**3 - 4*b + 1. Let s(m) = m**3 + m. Let d(a) = -h(a) - 6*s(a). Calculate d(-1).
5
Suppose -2*l + 4 = 3*j, -12 = -2*l - 0*j - j. Let f(d) = -7*d + l*d + 1 + d**2 - 5*d. What is f(5)?
6
Suppose -3 = -o - 1. Suppose 0 = -o*i - 0*i. Let b(j) = -j - 7. What is b(i)?
-7
Let r = 29 + -41. Let z be (4/r)/(1/(-3)). Let a(q) = q**3 - q**2 + 1. Determine a(z).
1
Let x be 23/2 - 2/(-4). Suppose -4*v = 4 + x. Let a(j) be the second derivative of j**4/12 + 5*j**3/6 + j**2/2 + 8*j. Calculate a(v).
-3
Let a(j) = 3*j**2 + 3*j + 2. Let r(p) = p**2 + p. Let x(o) = -a(o) + 4*r(o). Suppose 3*i = i + 4. Suppose -2*d - 4 = -2*s, -i*s - 3*d - 11 = -2*d. Give x(s).
4
Suppose 4*q - 17 = -3*h, -q + 0*h = 5*h. Let b(d) = d**3 - 6*d**2 + 4*d - 5. Calculate b(q).
-10
Suppose 8*d = -7*d + 60. Let k(r) be the first derivative of 5*r**3/3 + 4*r**2 - 2*r + 1. Let o(f) = -3*f**2 - 4*f + 1. Let g(a) = 4*k(a) + 7*o(a). Give g(d).
-1
Let d be (2/(-8))/((-2)/8). Let x be (6/8)/(1/4). Let g(o) = 2 - o + 3*o - x. Determine g(d).
1
Let r(y) = -y**2 - 4*y + 3. Let u(f) = 1. Let v(n) = -r(n) + 3*u(n). Determine v(-5).
5
Let v(i) = -i**3 + 4*i**2 - i - 1. Let a(g) = g**3 + 6*g**2 - 7*g + 2. Let l be a(-7). Suppose 1 = -l*d - 3. Let o be d/(-5) + 13/5. Give v(o).
5
Let a(l) be the second derivative of 1/2*l**2 + 0 + 1/60*l**5 - 2*l + 5/6*l**3 - 1/6*l**4. Let y(x) be the first derivative of a(x). Determine y(4).
5
Let i(t) = 105*t - 49. Let h(b) = -b**2 + 2. Let v be h(-2). Let q be 19/3 - v/(-6). Let l(n) = -13*n + 6. Let m(c) = q*i(c) + 49*l(c). Give m(1).
-7
Let t(v) = v**3 - 3*v**2 + 4*v - 3. Let w be t(2). Let f = -41 + 46. Let x(i) = f*i - 5*i - w - 2*i. Give x(-1).
1
Let g(n) be the second derivative of 1/20*n**5 - 5*n + 0 - 1/6*n**3 + 2*n**2 - 1/2*n**4. Determine g(6).
-2
Suppose 0 = -4*o + 9*o - 15. Let q(l) = l**3 - 3*l**2 + 4*l. What is q(o)?
12
Let k(f) = f**3 + 2*f**2 + 1. Let j be k(-2). Let b(x) be the first derivative of -1/4*x**4 - 2*x**3 + j - 5/2*x**2 - x. Give b(-5).
-1
Let g(r) = -5*r - 5 + 11*r - 2*r. What is g(4)?
11
Let y = -17 - -13. Let k(f) be the first derivative of -f**4/4 - f**3 + f**2 - 5*f + 2. Give k(y).
3
Let c(b) be the second derivative of -b**5/60 - b**4/4 - b**3 + 5*b. Let n(i) be the second derivative of c(i). Calculate n(-4).
2
Let h(x) = -5*x**3 - 20*x**2 + 3*x - 15. Let a(k) = k**3 + 5*k**2 - k + 4. Let g(q) = 9*a(q) + 2*h(q). Let u = -9 - -1. Let c = -4 - u. What is g(c)?
10
Let n(i) = -i - 2. Let k be (-8)/2 + -1 + 1. What is n(k)?
2
Let s(g) be the second derivative of g**3/6 + 4*g. Give s(-3).
-3
Suppose -4*s = -2*l + 10, -3*s + 0*s = 12. Suppose -3*h + 0 = -3. Let u(k) = -k**2 - k + 3. Let n(z) = -1. Let m(p) = h*n(p) - u(p). Determine m(l).
2
Let i(q) = 5*q**3 + 2*q**2 + 4*q + 10. Let r(a) = 11*a**3 + 3*a**2 + 7*a + 21. Let o(h) = -9*i(h) + 4*r(h). Determine o(-5).
9
Let o be 1*4 + 6/(-3). Let f(h) = 3*h + 2. Let i be f(o). Let m(k) = k**2 + 2 + 1 + i*k + 3. Determine m(-5).
-9
Let s(b) = b**2 + 8*b + 7. Let v = -13 - -16. Let r be (-17)/v - (-15)/(-45). Calculate s(r).
-5
Let x = 12 + 0. Suppose -5*p - x = -p. Let n(t) = 2*t + 3. Determine n(p).
-3
Let m = 3 - 4. Let s(o) = 17*o + 1. Calculate s(m).
-16
Suppose -l = -2*l - 3, 3*f - 2*l - 12 = 0. Let t(n) = 4*n - 5*n - 3 + 4 + f*n. Let m(w) = -w**3 + 3*w**2 + 2*w - 2. Let g be m(3). Calculate t(g).
5
Let u(f) = f**3 - 7*f**2 + 7*f - 9. Let v be (-2)/(-4) - 143/(-26). Calculate u(v).
-3
Let y(u) = 3*u**2 - u - 2. Let b(k) = -6*k**2 + 3*k + 5. Suppose 0*s = 3*s - 15. Suppose -2*r - 15 = -s*r. Let q(z) = r*y(z) + 2*b(z). Give q(1).
4
Let i(c) = c**3 + c**2 - c. Let t(k) = -k**2 - 10*k + 13. Let s be t(-11). Let m = 3 - s. Determine i(m).
1
Let y be (-6)/(-3) + 3 + -1. Suppose 2 = y*z - 2*b, -4*z = -b + 1 - 6. Let a(p) = 2*p**z + 4*p - p**3 - 2 + 1 + 0*p**3. Calculate a(3).
2
Let f(j) = -3*j - 1. Let b(z) = -9*z - 3. Let q(w) = -4*b(w) + 11*f(w). Give q(-1).
-2
Let j(q) = 8*q**2 + 23*q - 8. Let z(l) = 3*l**2 + 8*l - 3. Let k(u) = 4*j(u) - 11*z(u). What is k(2)?
5
Let s(v) be the third derivative of -v**5/60 + v**4/8 - v**3/3 - 12*v**2. Determine s(2).
0
Let q(z) = -3*z**2 + 5*z. Suppose 2*j = 3*j - k + 7, 3*j + 25 = 4*k. Let d(g) = -2*g**2 + 4*g - 1. Let w(p) = j*q(p) + 4*d(p). Give w(0).
-4
Let v(q) = -q**2 + 7*q - 6. Let u be v(5). Let s(g) = -g**2 - 4*g - 2 + u*g + g - 4*g. Give s(-2).
0
Let j be (12/24)/(1/(-12)*1). Let m(v) be the first derivative of v**4/4 + 7*v**3/3 + 4*v**2 - 1. What is m(j)?
-12
Suppose 2*u + 3*u + 16 = 4*i, -5*i - 5*u + 20 = 0. Let y(l) = -l**2 + l. Let d(m) = -m. Let n(j) = i*d(j) + y(j). Calculate n(-3).
0
Suppose 2*w - 46 = -2*a, w + 82 = 3*a + a. Suppose -4*s - a = -t + s, 5*s = -4*t - 41. Let y(j) = -j**2 - 2*j + 5. Determine y(t).
-3
Let n(r) = -4*r - 6. Let l = -7 - -10. Suppose -b = 3*i + 8, 5*b + i = -l - 23. What is n(b)?
14
Suppose b = -4*b + 50. Suppose b = 2*y - 0. Let q(u) = y + 3*u**3 - 2*u**3 - u + 5*u - 6*u**2. Determine q(5).
0
Let v(w) = w**3 - w**2 - 3*w + 2. Let u(s) be the first derivative of s**3/3 - 7*s**2 + 15*s + 5. Let t be u(13). Calculate v(t).
0
Let p(f) be the first derivative of f**3/3 + 7*f**2/2 + f + 3. Let b(y) be the first derivative of p(y). What is b(-6)?
-5
Let n = 8 + -12. Let h(d) = -d**2 - 4*d. Let c(z) = 1. Let l(v) = -6*c(v) + h(v). Calculate l(n).
-6
Suppose -4 - 7 = -4*l - j, -26 = -4*l + 2*j. Suppose 4*x + 2*y - 2 = -0, 3*y = 2*x - 13. Let k(r) = -r**3 + 0 + 4 + 2*r**3 - 5*r**x + 4*r. Determine k(l).
4
Let a(f) = 1. Let q(i) = -3*i + i - 9 - 3*i. Let o(k) = 18*a(k) + 2*q(k). Determine o(1).
-10
Let g = 5 - 2. Let z(n) = 0*n**2 - 3 - g*n + 3 - n**3 - 3*n**2. Give z(-2).
2
Let b(u) be the second derivative of -3*u**3/2 - u**2/2 - 4*u. Calculate b(1).
-10
Let u(n) = n**2 - 4*n. Let o be u(4). Let s = o + 3. Let g(y) = -2*y - 3. Let c(t) = -10*t - 14. Let h(f) = s*c(f) - 14*g(f). Calculate h(-2).
4
Let b(m) = m**2 - 6*m + 9. Let l(f) = f + 15. Let s be l(-11). Let n be b(s). Let v(o) = 4*o**2 + 1. Give v(n).
5
Let r(w) be the second derivative of -w**7/2520 + w**6/180 + 7*w**5/120 + w**4/6 + 3*w. Let p(y) be the third derivative of r(y). What is p(5)?
2
Let k(w) = -w - 4. Suppose -2*n + 5 = -3. Let u(d) = d + 5. Let v(g) = n*u(g) + 5*k(g). What is v(-1)?
1
Let p(g) = -12*g**2 + 3*g - 7. Let y(x) = -23*x**2 + 6*x - 13. Let i(l) = 11*p(l) - 6*y(l). What is i(2)?
19
Let p(o) be the second derivative of -o**5/20 + o**4/4 - o**3/3 + 3*o**2/2 + o. Let k = 48 - 46. What is p(k)?
3
Let p(g) = -7*g - 1. Let n = 11 + -8. Let m(z) = z - 4*z - 1 - n*z. Let q(t) = 5*m(t) - 4*p(t). Determine q(-2).
3
Let q(d) = 4*d**2 + 10*d + 4. Let s(o) = o**2 + o + 1. Let g(c) = q(c) - 5*s(c)